ed by (0 - -3)*6/2?
8
Let n = 169 + -150. Suppose -7*f + n*f = 1272. What is the remainder when f is divided by 22?
18
Let w(c) = -c**3 + 7*c**2 - 7*c - 4. What is the remainder when 32 is divided by w(4)?
0
Suppose 2*d - 5*d + 12 = 0. Suppose 19 = o - c, -o = -d*o + 2*c + 54. Suppose 33 + 28 = s. What is the remainder when s is divided by o?
13
What is the remainder when 33/1 - (14 + (-4 - 11)) is divided by (10/6)/(1/3)?
4
Suppose b + 15 = -3*o, 5*o = 3*b + 43 + 16. Let t be (-6)/4*372/b. Let r = t - 13. Calculate the remainder when 53 is divided by r.
17
Suppose -4*n = -4*g - 9*n + 905, g - 223 = 2*n. What is the remainder when g is divided by 79?
67
Suppose 0 = -v + m - 14, m = v + 4*m - 2. Let j = 15 + v. Let s = 11 - j. Calculate the remainder when 17 is divided by s.
5
Suppose 5*s - 7*l + 353 = -3*l, 0 = -4*s + 5*l - 286. Suppose 4*j + 420 = -44*w + 45*w, 2*w = 8. Let r = s - j. Calculate the remainder when r is divided by 9.
8
Suppose -12 = -3*y, -4*q + 7*y = 5*y - 172. Calculate the remainder when q is divided by 37.
8
Let o(g) = 3*g + 9. Let x be o(-3). Let y(w) = -w**2 + w + 78. Calculate the remainder when y(x) is divided by 27.
24
Let y = 24 - -18. Suppose 5*w + 5*d = 20 + 45, 4*w - 4*d - 36 = 0. Calculate the remainder when y is divided by w.
9
Suppose 6*p + 63 = 4*u + p, 5*u = 3*p + 95. What is the remainder when 593*2/14 - (-72)/252 is divided by u?
19
Let m = 533 + -501. Calculate the remainder when 72 is divided by m.
8
Suppose 0 = -5*q - 2*s - 0*s + 154, -4*q + 122 = s. Suppose -w + 3*g + 14 = 0, 0 = -2*w - 3*w + 5*g + q. What is the remainder when 5 is divided by w?
1
Let o(q) = q**3 - 2*q**2 + 5*q - 4. Let n be o(3). Suppose -i = -n - 18. Let a = i - 20. Calculate the remainder when a is divided by 7.
4
Suppose -244 = -4*z + 648. Calculate the remainder when z is divided by 15.
13
Let i(f) = f**2 - 6*f + 7. Let o(x) = x**2 - 11*x - 16. Let v be o(12). Let u = 10 + v. Calculate the remainder when 19 is divided by i(u).
5
Suppose -9*n + 3401 = 953. Calculate the remainder when n is divided by 25.
22
Let j = 152 - 45. What is the remainder when j is divided by 27?
26
Let y = 36 - 19. Let l = -196 + 206. What is the remainder when y is divided by l?
7
Let u(g) = 13*g - 52. Calculate the remainder when u(8) is divided by 32.
20
Let u(h) = h**3 - 7*h**2 - 8*h + 4. Let g be u(8). Suppose 0 = -2*q + g*q. Let m = q + 3. Calculate the remainder when 7 is divided by m.
1
Suppose 9*p - 15 = 4*p. Suppose p*u - n = -3*n + 206, -3*n = 3*u - 210. Calculate the remainder when u is divided by 17.
15
What is the remainder when (-7)/14 + 5/((-30)/(-213)) is divided by 18?
17
Let s(h) = -5 - 1 + 5*h - 3 - 1. Suppose 0 = 4*c - 5*u + 9, -4*u + 18 + 14 = 3*c. What is the remainder when s(5) is divided by c?
3
Let v(b) = -b**2 - 5*b - 10. Let f be v(-4). Let c(q) = -q**3 - 7*q**2 - 6*q + 9. What is the remainder when 69 is divided by c(f)?
6
Let y = 28 + -26. Suppose -3*n + y*n + 11 = 0. What is the remainder when 21 is divided by n?
10
Let u(z) = -z**2 - 5*z + 11. What is the remainder when 17 is divided by u(-6)?
2
Let x be 200/(-11) + 24/132. Calculate the remainder when x/4*(-1780)/30 is divided by 45.
42
Suppose 2*r = 4*l + 34, -5*l = -0*r + 4*r - 3. Suppose -r*z + 664 = z. What is the remainder when z is divided by 28?
27
Let w be 7 + -10 - 1*11. Let j = 29 + w. What is the remainder when 1 + j*8/3 is divided by 14?
13
What is the remainder when 44 is divided by (6/(-7))/(4/(-28))?
2
Let u(y) = y**2 + 14*y - 3. Let s be u(-12). Let z = 2 - s. Calculate the remainder when z is divided by 6.
5
Let n = 3 - -3. Let h(y) = 3*y - 9. Let l(o) = -2*o**3 + 16*o**2 - 12*o - 8. Calculate the remainder when h(n) is divided by l(7).
3
Let u be (-100)/(-35) - 4/(-28). Suppose -52 = -u*p + 8. Calculate the remainder when 7 is divided by 12/10*p/8.
1
Let d be 35/7 - (1 + -90). Let p = -65 + d. What is the remainder when 109 is divided by p?
22
Suppose 2*s + 2*s = 560. Let r = 29 + 56. Let d = s - r. What is the remainder when d is divided by 29?
26
Calculate the remainder when 15 is divided by (-8 - -9)*(9 + 1).
5
Let i(n) = -n**3 - n**2 + 4. Let b be i(0). Suppose 185 = x + b*x. Let g(f) = -f**2 - 7*f - 2. Calculate the remainder when x is divided by g(-3).
7
Suppose 3*l = -k - 3 + 45, 2*k + 4*l = 92. Calculate the remainder when 535 is divided by k.
49
Suppose -5*y = 5*d - 30, 0 = 5*d - 2*y + 2 - 4. Suppose d*m + 162 = 8*m. What is the remainder when 78 is divided by m?
24
Let k = 481 + -472. Suppose -78 = -2*o - o. Calculate the remainder when o is divided by k.
8
Suppose 2*f = -f - 72. Let v = f - -39. Calculate the remainder when 43 is divided by v.
13
Let c(y) = 8*y + 3. Let f be c(-3). Calculate the remainder when 8 + (-13)/(104/(-584)) is divided by (12/9)/((-2)/f).
11
Let m = -68 - -141. Suppose 0*n - n - 24 = 0. Let d = n - -43. Calculate the remainder when m is divided by d.
16
Let w(r) be the third derivative of r**6/120 - 3*r**5/20 - r**4/3 - r**3 + 9*r**2. What is the remainder when 55 is divided by w(10)?
13
Let o = 49 + -19. Let j(f) = 16*f + 248. Calculate the remainder when j(-10) is divided by o.
28
Let x = -71 + 122. Let c be (-2 - -11) + (-2 - -3). What is the remainder when x is divided by 252/20 + 4/c?
12
Suppose -128*x + 124*x = -156. What is the remainder when 103 is divided by x?
25
Suppose 36*p - 12*p = 480. Calculate the remainder when 378 is divided by p.
18
Let t(l) = 153*l + 42. Calculate the remainder when t(4) is divided by 41.
39
Let x = 151 - 68. Suppose 2*j = 2*n - 3*n + 34, -3*n - 2*j + 90 = 0. Calculate the remainder when x is divided by n.
27
Calculate the remainder when 386*(-17)/(-34)*1/1 is divided by 53.
34
Suppose 769 - 753 = 2*c. What is the remainder when 11 is divided by c?
3
Let z be 2/(-4) + (-693)/(-18). Suppose -2 = -8*g + z. Calculate the remainder when 9 is divided by g.
4
What is the remainder when 7 + (-399)/(-13 + 10) is divided by 38?
26
Let m(v) = 11*v**3 - v. Let s be m(-1). Let k(x) = 68*x**2 + 8 - 36*x**2 - 31*x**2 + 10*x. What is the remainder when k(s) is divided by 5?
3
Let g be 4/3*(-24)/16. Let t be (-2)/(-3) + g/(-6). Calculate the remainder when ((-38)/(-6))/(t/9) is divided by 15.
12
Calculate the remainder when 1662/4 - 45/(-90) is divided by 20.
16
Let d be -6 - (-115)/20 - 9/(-4). Suppose d*x + 0*x = 4*z - 16, 3*x = -2*z + 8. Calculate the remainder when 14 is divided by z.
2
Suppose 3808 = -6*l + 34*l. What is the remainder when l is divided by 24?
16
Let m be (-1 - -5)/((-5)/1730*-4). Suppose -4*r + 10 = i - m, -i = -4. What is the remainder when r is divided by 15?
13
Suppose -g = 2*y - 13, -2*g - 3*y + 307 = 275. Calculate the remainder when g is divided by 205/10 + 1/2.
4
Let c = -539 - -556. Calculate the remainder when 898 is divided by c.
14
Suppose 3 = i + 8, -4*b + 610 = -2*i. Calculate the remainder when b is divided by 30.
0
Suppose -12 = -4*m - 3*w + w, 0 = -m - 3*w - 7. Suppose -2*a + m*v = -58 - 29, 0 = 5*v + 25. Let h = 126 + -67. What is the remainder when h is divided by a?
28
Suppose 3*x - 45 = 2*b, 5*b + 0*b = 0. Let c = 22 - x. Calculate the remainder when 26 is divided by c.
5
Let x(m) = m**3 + 17*m**2 + 13*m - 26. What is the remainder when 126 is divided by x(-16)?
16
Let i = -660 + 1121. What is the remainder when i is divided by 33?
32
Let k(j) be the first derivative of j**2/2 - j - 5. Let x = -88 - -105. Calculate the remainder when x is divided by k(6).
2
Suppose -3*s = -2*s - 5. Suppose -2*b - 2*b + 3*c = -261, -2*c - 321 = -s*b. What is the remainder when b is divided by 13?
11
Let h be (23/(-46))/(1/118). Let m = 60 + h. Calculate the remainder when 1 is divided by m.
0
Suppose -3*v + 3*q + 25 = -38, v = 5*q + 41. Let d be 5 - 6/(0 - -3). Calculate the remainder when 5/(d/(-27)*-1) is divided by v.
13
Let v be (-4)/30 + (-10452)/(-90). Suppose -3*n = -5*c - v, -82 = 3*c + c + 3*n. Let o = c - -55. What is the remainder when o is divided by 17?
16
Let t(z) = -3*z**3 - z**2 - 3*z - 1. Let l(o) = -o**2 - 2*o + 72. Suppose -3*r - 3*r = 0. What is the remainder when l(r) is divided by t(-2)?
22
Let n be 4/10 - 448/20. Suppose -d - 4*g + 24 = 0, -3*g + 8*g = -2*d + 60. What is the remainder when d is divided by (0 - n)*(-3)/(-6)?
7
Let v be 3 + (4 - (4 + 0